prime factors of t(-11)?
13
What are the prime factors of (1/(-3))/(11/(-528))?
2
What are the prime factors of (-8)/10 + (-3528)/(-35)?
2, 5
Suppose 90*g + 2 = 91*g. List the prime factors of g.
2
Suppose 15 = 5*g - r, -r = -g + 1 - 2. Let f = g - -17. What are the prime factors of f?
3, 7
Suppose 7 + 2 = -3*r. Suppose -3*b = b - 48. Let n = b + r. List the prime factors of n.
3
Let l = -18 - -9. Let h = l + 21. List the prime factors of h.
2, 3
Let s(n) = n**3 - 4*n**2 + 4*n - 6. What are the prime factors of s(5)?
3, 13
Suppose 65 = m - 6*m + 2*i, -10 = 2*m - 4*i. Let d be (12/5)/(2/m). Let t = d + 26. What are the prime factors of t?
2
Let y(l) = -l**2 + 7*l - 1. Let u be y(4). Let w = u - 9. List the prime factors of w/5 - 48/(-5).
2, 5
Let b(x) = -x**3 - 2*x**2 + 4. Let t be b(-4). Suppose 5*q + 6 = t. What are the prime factors of q?
2, 3
Suppose 0 = 4*a + 3*g - 0 + 3, 3 = -3*a - 3*g. Suppose a*i = -7*i + 147. What are the prime factors of i?
3, 7
Let s(p) be the third derivative of -p**6/120 + 7*p**5/60 - 7*p**4/24 + 7*p**3/6 - 2*p**2. Let c be s(5). List the prime factors of (c/(-8))/((-1)/4).
11
Suppose -19 = -5*v - 44. Suppose -j + 4*j + 9 = 0. Let p = j - v. List the prime factors of p.
2
Suppose t - 14 = 3*g, 2*t = -0*t + 2*g + 16. What are the prime factors of t?
5
Let j be (-3*2/3)/1. Let s be (j + 1)*(-7 - -1). Let r = 14 - s. List the prime factors of r.
2
Let w(q) = -3*q + 86. Let c be w(27). Let d(i) be the first derivative of -i**4/4 + 5*i**3/3 + i**2 - 6*i + 1. What are the prime factors of d(c)?
2
Let a(z) = 2*z. Let y be a(-4). Let p be y/(-2)*(-1)/(-2). Suppose -p*v + 6*v - 36 = 0. What are the prime factors of v?
3
Let b be (-2)/(-2) - 2*-1. Suppose 2*i = b*i. Suppose i*s = -s + 2. What are the prime factors of s?
2
Let y(h) = 26*h**3 + 1. Let c be y(1). Let f be c/(-18) - 6/(-4). Let t(d) = d + 15. What are the prime factors of t(f)?
3, 5
Suppose 2*b - 20 = -3*b. Suppose k = -b*k + 45. List the prime factors of k.
3
Suppose -4*c = -5*d + 3, 0 = 4*d - c + 2*c - 15. List the prime factors of d.
3
Let h = -21 + 15. Let o = h - -23. Let w = -7 + o. List the prime factors of w.
2, 5
Let l be (2 - 1)/(4/260). Suppose 2*n = 3 + l. List the prime factors of n.
2, 17
Let k(a) = 2*a - 2 + 3 - a**2 + 1. List the prime factors of k(2).
2
Let p be (1/2)/((-5)/(-50)). Suppose t + 20 = 6*t, -d + 32 = p*t. What are the prime factors of d?
2, 3
Suppose 3*r - r - 4 = 0. Suppose 0 = -r*k + 6*k - 88. What are the prime factors of k?
2, 11
Let n be (-6 - -6)/(-2 + 1). Suppose 4*z = 2*a + 8*z - 62, n = 3*a + 3*z - 78. What are the prime factors of a?
3, 7
Let a(o) = -o**3 - 4*o**2 + 4*o - 1. Let d be a(-5). Suppose d = -3*k + 13. What are the prime factors of k?
3
Suppose 5*h + 5 = 4*k, 0*k - 5 = k. Let b(p) = -p**2 - 7*p - 3. Let l be b(h). Suppose 0 = -4*r + 3*t + 7, r + 0*t + t - l = 0. What are the prime factors of r?
2
Suppose -2*q + 52 + 2 = 0. What are the prime factors of q?
3
Let a(z) = -z - 5 + 4 + 1. Let i be a(-3). Suppose -i*l + 5*x - x + 29 = 0, -5*l = 3*x - 87. What are the prime factors of l?
3, 5
Let q(s) be the first derivative of s**4/4 - 2*s**3/3 + s**2/2 + 2*s - 2. List the prime factors of q(2).
2
Let a(w) = -3*w - 6. Let t be a(-8). Let y be (-6)/(-27) - (-266)/t. Suppose 4*s - 5*s = -y. What are the prime factors of s?
3, 5
Let j = -3 + 5. Suppose -j - 2 = -k. Suppose -5*u - k*f = 10, 5 = 5*u - f + 2*f. What are the prime factors of u?
2
Let x(r) = r + 5. Let m be x(5). Let p(b) = -b + 12. List the prime factors of p(m).
2
Let f(b) = -b**3 - 7*b**2 + b + 7. Let r be f(-7). Suppose r*h + 15 = -h. What are the prime factors of (18/h)/(9/(-120))?
2
Let f = -24 - -9. Let n = 26 - f. Suppose 0 = -5*d + 39 + n. What are the prime factors of d?
2
Suppose 20*g = 17*g + 354. List the prime factors of g.
2, 59
List the prime factors of ((-256)/10)/(-4 + (-95)/(-25)).
2
Let n = 40 + -26. What are the prime factors of n?
2, 7
Suppose -j + 3 = -0*j. Suppose -y = t - 0*t - 6, 16 = 2*y + j*t. What are the prime factors of 5 + y + -2 + 2?
7
List the prime factors of 36/((10/(-15))/(-2)).
2, 3
Suppose -5*c + 354 = -3*c. What are the prime factors of c?
3, 59
Let t = 19 + -16. Suppose t*u = 3*f - 108, 3*u = 2*f + 2*f - 143. List the prime factors of f.
5, 7
Let z(c) = 41*c - 7. Let l(m) = 14*m - 2. Let g(d) = -11*l(d) + 4*z(d). Let k be g(-6). What are the prime factors of (-1)/4 - k/8?
2
Suppose -5*m + 2*m = -66. Suppose -4*n + m = -3*n. What are the prime factors of n?
2, 11
Suppose 0 = 5*d - 2*d. Let g(p) = -p**3 + p**2 - p + 12. List the prime factors of g(d).
2, 3
Suppose 2*y - 8 = 2. Suppose y*f = -3*b - 14, f = -2*b - 2*b + 4. List the prime factors of b.
2
Let k = 7 - 4. What are the prime factors of (1 - -9)*k/6?
5
Suppose -154 = -3*j - 4*v, j + 2*v = -0*j + 50. What are the prime factors of j?
2, 3
Let t(q) = 2*q - 2. Let n be t(-2). Suppose 0 = -3*y - 2*b + 46, 2*y + 3*b + 22 = 4*y. Let d = y + n. What are the prime factors of d?
2
Let v = 9 - 3. Suppose -115 = -v*b + b. List the prime factors of b.
23
Let n(a) = a**3 + 9*a**2 - 10*a + 2. What are the prime factors of n(-10)?
2
Suppose -50 - 46 = -4*q. Suppose -2*z - q = -5*z. What are the prime factors of z?
2
Suppose 4*w - 89 = -o, 10*o - 31 = -2*w + 5*o. List the prime factors of w.
23
Let m(p) = -p. Let c be m(-5). Let z = c + -2. Suppose 2*w + 8 = z*w. What are the prime factors of w?
2
What are the prime factors of ((-230)/(-30))/(2/6)?
23
Suppose 1225 = 3*m + 31. List the prime factors of m.
2, 199
Let k be (-148)/(-28) + (-2)/7. Suppose -5*q + k*l = l - 4, 5*l - 32 = -3*q. Suppose -32 = -q*n - 0*n. List the prime factors of n.
2
Let c(k) = 0*k**2 - 2*k - k**2 - 3*k. What are the prime factors of c(-4)?
2
Suppose -3*g - 4 - 6 = -4*v, -3*v + 20 = 4*g. Let c be 48 + v/(1 - -1). Suppose 2*x + 3*x = c. What are the prime factors of x?
2, 5
Suppose -2*a - 3*s + 84 = 0, -2*a + 2*s + 96 = -s. What are the prime factors of a?
3, 5
Suppose -r = 3*t - 142, -8*r + 2*t + 744 = -3*r. What are the prime factors of r?
2, 37
Let v = -9 + 30. What are the prime factors of v?
3, 7
Let y(h) = h**3 + 6*h**2 - 9*h - 2. Let p = -4 + 3. Let t be 6/(-1) - (2 + p). What are the prime factors of y(t)?
2, 3
Suppose 0*q = -5*q - 1390. Let h = -198 - q. List the prime factors of h/14 + 10/35.
2, 3
Let k(d) = d**2 - 2. Let a be k(2). Suppose -8 = -5*r + a. Suppose r*w - 4 - 4 = 0. What are the prime factors of w?
2
Let k(z) = z**2 + 10*z - 7. List the prime factors of k(-11).
2
Let b(w) = 3*w - 12. Let k be (3/3)/((-4)/8). Let q be k/(6/(-3))*11. List the prime factors of b(q).
3, 7
Let a = -109 - -363. What are the prime factors of a?
2, 127
Let q be 7/4 - 1/(-4). Suppose -3*b = x - q*x - 38, x = -b + 10. What are the prime factors of b?
2, 3
Let l(y) = y**3 - 9*y**2 + y + 11. Let t(c) = c**2 - 7*c + 1. Let x be t(8). What are the prime factors of l(x)?
2, 5
Let f be (-1)/8*14*-4. List the prime factors of f/14 - (-78)/4.
2, 5
Let u(j) = 28*j**2 - 2*j. Let l be u(2). Suppose 4*y = y + l. Suppose 0 = 5*a - 15, -5*a + y = 3*n - 6. List the prime factors of n.
3
Let u(j) = -7*j - 7. Let z be u(12). Let l be (-1)/4 + z/(-28). List the prime factors of l - 3/((-9)/12).
7
Let g(d) = -d**3 + d**2 + 5. Suppose 4*v = -v. What are the prime factors of g(v)?
5
Let z(k) = 10*k - 7. What are the prime factors of z(11)?
103
Let i = 20 - 11. What are the prime factors of i?
3
Let g = 9 - -10. What are the prime factors of g?
19
Suppose 4*r - 109 = 231. What are the prime factors of r?
5, 17
Suppose -g + 23 = 5*u, 3*u - 27 = -0*g - 5*g. Let i be -2 + (0 - -1)*62. Suppose u*p = -p + i. What are the prime factors of p?
2, 3
Let b(h) = 2*h**2 - 2*h - 2. Let x be b(2). Suppose x*j - 3*j = -38. Suppose j = 5*n - 3*c, -n + 0*n + 5*c - 10 = 0. What are the prime factors of n?
2, 5
Suppose 2*x - 4 = -4*r + 288, -5*r = -2*x - 347. What are the prime factors of r?
71
Let n(a) = a**2 + 5*a - 1. Suppose 9*p - 4*p = 5. Suppose -4*h - 27 = p. List the prime factors of n(h).
13
Let n = -55 + 97. What are the prime factors of n?
2, 3, 7
Let b be (0 - -2) + 3 + -1. Let u be (b - 5) + -1 + 6. Suppose 4*f - 5*m - 55 = -f, -2*f = -u*m - 20. What are the prime factors of f?
2, 3
Suppose 3*g - 4*c - 266 = 0, 4*g - 451 = -c - 1